(-2 + 2 - 2)).
53
What is (21 + -19 - (-2 + -5 + 3)) + 27?
33
Evaluate (-1 - (-19 + 27)) + (13 - -4).
8
Calculate 19 + (-27 - (-17 - -9)) - (2 - (-24 + -3)).
-29
What is (-48 - 4) + -55 + 46?
-61
Evaluate -25 - (86 - (-29 - -254)).
114
Calculate -186 - -176 - (-1 + 1 + 2) - 7.
-19
Evaluate 37 + -9 - 4 - (121 - (-1 + 2)).
-96
((-9 - -7) + 3 - 25) + (13 - 19) + 8
-22
Evaluate -8 + 6 - (63 - (-6 + 8 + 10 - 3)).
-56
Calculate -8 + -30 + 5 + 49 + 43.
59
What is -7 + 27 + -32 + -3?
-15
Calculate -2 + -9 + 8 + 3 + (-14 - -13).
-1
What is the value of (21 + 2 - -20) + -10?
33
Evaluate 79 - 1 - (-16973 - -17007).
44
Evaluate -128 - -113 - (-3 - (1 + -43)).
-54
Calculate 2 - ((-50 - -4) + 1) - (2840 - 2826).
33
24 + -8 + (-14 + 11 - 8) + (-1 - -11)
15
What is the value of 42 + 1 + (1 - -5) + -42 + 31 - 5?
33
Evaluate 30 + -29 + -48 + -2.
-49
Evaluate (39 - 11) + -15 + (14 - -10 - 145).
-108
70 + (20 - 6 - 18) + -20 - 15
31
What is the value of 8 - (-24 + (7 - 4)) - (0 + 15)?
14
-1 - -7 - (-278 + 295 - (0 + 75))
64
What is the value of -86 - (-2 + -31) - -62?
9
What is the value of -17 + -1 - -19 - ((12 - -10) + -67)?
46
Calculate (16 - 39) + 8 - (1 - (-10 + 3)).
-23
What is the value of 2 + -13 + (-4 - ((1 - -26) + -495 + 479))?
-26
What is the value of (170 - 49 - 54) + -199?
-132
Calculate (-292 - -344) + (-2 + 3 - 17).
36
Calculate (9 - (-1 - 6) - -1) + -12 - 36.
-31
Evaluate 1 + -8 - ((9 - 16) + -4).
4
What is (-25 - -27 - -95) + -115?
-18
What is the value of 0 + (-8 - ((33 - 26) + -31 + (-1 - -4)))?
13
Calculate 26 + -29 + -8 + 6 + -75.
-80
-37 - (78 - (21 - -42))
-52
Calculate 117 + -69 + -86 + -2.
-40
What is -178 - -93 - (7 - (32 + -16))?
-76
Evaluate -50 - ((-16 - (36 - 57)) + (-5 + 4 - -9)).
-63
46 + -3 - (202 - 171) - (112 - 0)
-100
What is the value of 19 - (39 - 18) - 44 - 61?
-107
Calculate -10 - (-87 + (4 - (-10 + (5 - -6) - 4))).
70
244 - 288 - (14 - -3) - 30
-91
Evaluate -2 + -1 + (-79 - (-117 + 81)).
-46
-293 + 291 - (-38 - -3)
33
What is (4 - (1 + (-14 - 39))) + 1?
57
What is the value of 10 + (-42 + 32 - 30)?
-30
Evaluate -38 - (-100 + (-15 - -98)).
-21
What is the value of 16 + -56 + 45 - (-2 + -10) - 0?
17
What is (-24 - 16 - -23 - -53) + (-1 - -2) + -2?
35
Calculate 1 + -3 + 0 + (-16 + 67 - (22 + -27)).
54
Evaluate -1 + -17 + (-140 - -144) + (5 - 1).
-10
Evaluate -1 + 1 - (78 + -60 + 10 + 3).
-31
(-5 - 2) + 13 + -31 + 5 + -76
-96
Calculate 0 + -1 + 34 - (-476 + 331 + 131).
47
Calculate 7 - (-26 + (16 - 9 - 4)).
30
-11 + -34 + 83 + -26
12
Calculate (-5 - -10 - -27) + 2578 + -2524.
86
Evaluate -2 - -47 - (233 + -242) - 1.
53
What is the value of 67 - ((-22 - 39) + 33 - 4)?
99
Calculate -27 + (-41 - -34 - (4 - -13)).
-51
What is the value of -75 - 1 - ((-14 - (-18 + 9 + -11)) + -16)?
-66
Evaluate (-34 - -13) + 18 + (-1 - -47) - (-53 + 59).
37
What is the value of -92 + (-1 - -48 - (-482 + 500))?
-63
7 + -11 - (30 + 30 + -87)
23
Evaluate (17 + 13 - (-9 - -12)) + 15.
42
Calculate 1 + 49 + 18 - 28.
40
(54 - (-27 + 99)) + -37
-55
What is the value of 62 - 23 - 34 - (30 + -9)?
-16
-560 - -435 - (-89 - -7)
-43
Calculate (20 - 49 - -44) + -18.
-3
-37 + (37 - (-80 - -157))
-77
57 + -34 + (-2 - ((-6 - -7) + 5 + -5))
20
Evaluate 58 - (3 - -11 - (-760 + 750)).
34
What is 20 - 12 - ((13 + -14 - 4) + 0 + 14)?
-1
Calculate (-3 - 0) + 1 - (1045 - 1036 - (3 - -1)).
-7
Evaluate (-4 + (-13 - -12) - -13) + (6 + 0 - 35).
-21
-81 + -6 + 72 + (-98 - -16)
-97
9 + -1 + 1 + (-6473 - -6465)
1
What is the value of -6 + (-6 - (-13 + 7) - 3 - 10)?
-19
Evaluate 117 + (-39 - (76 - 60)).
62
Evaluate 32 + (-43 - -49) + 18 + -29.
27
What is the value of -21 - -70 - (20 - (4 - -24))?
57
What is (2 - (71 - -6) - -3 - -11) + 13?
-48
What is the value of 3 - (1 - (-112 - -20) - -26)?
-116
What is the value of 76 + 1 + (21 + -8 - 9) + -20?
61
Calculate 156 - (116 + 131 + -91).
0
What is 4 + -120 + 24 + 40?
-52
What is -4 + 13 + 6 + 22 + -22 + -94 + -1?
-80
What is the value of (143 - 156) + 7 + 0 + 2 + 0 + 7?
3
Evaluate 1 + (-1 - -19) + 6733 + -6800.
-48
Calculate 8 + -1 + 0 + -5 + 40 - 8.
34
What is the value of (59 + 1 - 2) + 58 + -76?
40
Evaluate 4 + -7 + -5 - (-1 - 31 - 15).
39
Evaluate (144 - 85 - 111) + 123.
71
What is the value of (7 - (-17 + 12)) + -29 - (-134 + 58)?
59
What is the value of -4 + (27 - -23) - 98?
-52
(24 + -12 + 0 - 1) + (-10 - 40)
-39
What is 40 + -41 + 0 + (3 - (3 + -6 + -23))?
28
-46 - (-38 - -57) - -68
3
What is ((2 - 3) + 4 + -9 - -6) + -33?
-33
What is 3315 - 3322 - (1 - -45)?
-53
Calculate -7907 - -7896 - (4 + -3 - (0 + 10)).
-2
Evaluate (18 + -105 - 5) + (-302 - -274).
-120
Calculate (-11903 - -11872) + (-2 - 3) + (1 - -1).
-34
Evaluate 35 - (-80 - (-19 + 14)) - (12 + -1).
99
What is 18 - (-14 + 46 - 57)?
43
Calculate 21 + -41 + (-2 - (-11 - 4)) - (-42 + 3).
32
What is the value of (0 - 4 - (-53 - -63)) + 10 + 0 + 10?
6
What is the value of -45 - ((-8 - 55) + -60)?
78
What is -13 + -23 - -95 - 49?
10
Evaluate -345 - -382 - (67 + -6).
-24
53 + (53 - (35 - -92))
-21
What is the value of 60 + 11 + (-75 - -21) + 19?
36
Calculate (-18 - (7 - (0 + 27))) + 54.
56
Calculate (0 - 2 - 8) + (96 - 100) + -19.
-33
Evaluate -1 - (-97 + (19 - (-3 - -7))) - 10.
71
Calculate (-9 - (19 - 68)) + (22 - -8).
70
What is the value of (-53 - (66 + -89)) + 0?
-30
What is 28046 - 28046 - (-19 - 0 - 0)?
19
What is 1 + -16 + (-55 - (24 - (-7 + 21)))?
-80
0 + -1 - -43 - (3 - -6 - (9 + -12))
30
Evaluate (-81 - (-7 + -40)) + -67.
-101
What is the value of 939 - 862 - (4 + 28)?
45
What is the value of 1 - (-9 + -4) - (15 + -53 + -2)?
54
What is (4 + -32 - -86 - 34) + 62?
86
What is 13 - (17 - 27) - (-7 + (-3 - 3) - -6)?
30
Evaluate -23 - 0 - (100 - (52 + 13)).
-58
Evaluate (33 - -2) + (717 - 793).
-41
What is the value of -29 + 45 + (-39 - 2)?
-25
-29 + (94 - 106 - -8)
-33
(-10 - -8 - -4) + 7 + (-78 - (-13 + 17))
-73
What is the value of 80 + (7 - (-18 - -18)) + (-17 - 2) + 23?
91
What is the value of -2 + (9 - 6) + 6 + 37 + -9?
35
Calculate -3 - 67 - (-35 + 82 + -1 - 56).
-60
Evaluate (-2 - (2 + -47)) + 2 + (-31 + -6 - -42).
50
What is the value of (2 - -8) + (-3 - 10) + -3 + 10 + -23?
-19
What is the value of 1 + -60 - (945 + -1014)?
10
-1 - -15 - (41 + -72 + -15 + 31)
29
What is the value of 59 + -101 - -83 - 89?
-48
What is (-24 - (-41 + 31)) + -12?
-26
What is 72 + (-37 - -79) + -189?
-75
Calculate -29 - -56 - -8 - (17 - 3).
21
Evaluate (4 - -15 - -2) + (17 - (44 - 10)).
4
What is 8 + (2 - -13) - (8 - 24)?
39
Evaluate 33 + (41 - 75) + 3.
2
What is -13 + 3 - (-85 - (-34 + 8 + -4))?
45
11 - 0 - (28 - (38 + -23 - -13))
11
What is the value of -58 - (-143 + 96) - 35?
-46
-34 - ((-149 - -128) + (8 - 10))
-11
What is -32 + -1 - ((18 - -7) + -31 + -5 - -1)?
-23
15 - (58 - (-45 + 61))
-27
(-55 - -50) + -24 - 20
-49
What is the value of 67 + -87 + 104 - (3 + -2 + (2 - -1))?
80
What is the value of (107 + 23 - -26) + -41?
115
-3 + 2 + -2 + (63 - (69 + -64)) + 65
120
13 + -23 + 81 - 36 - -11
46
Calculate -15 + (29 - (10 + 3)).
1
Calculate -3 - 0 - 41 - (18 - (-23 - 3 - -52)).
-36
Evaluate (55 - 54) + 1 + -41 + 0.
-39
Calculate 6 - (2 - -5) - (-387 - -366).
20
Calculate (7 + -4 - 9) + 31 + 35 + -55.
5
What is the value of (41 - (-4 + 11)) + 752 + -775?
11
Evaluate 112 + -85 - (-5 + 9 - 34).
57
What is the value of (22 - 60) + (43 - 4)?
1
What is the value of (-48 + 24 - -74) + 2 + -3?
49
What is the value of (34 - 66) + (75 - 76)?
-33
Calculate 1 + -1 + -119 + (125 - 73).
-67
Evaluate 39 + 0 - (60 - 57).
36
Evaluate -15 - -29 - ((10 - 5) + 4 + 2 - 50).
53
Evaluate -32 + 28 + -31 + 0.
-35
Evaluate 5 - ((4 - (-124 + -3)) + (91 - 113)).
-104
87 - (-60 - (7 - 104))
50
What is 82 + (-154 - -42) + 84?
54
What is the value of (6 + 2 - (26 + (-112 - -78))) + 50?
66
Evaluate -6365 - -6515 - (132 - 1).
19
What is the value of -12 + (-34 - 0) + (-10 - -16 - -19 - 35)?
-56
Evaluate 7103 - 7074 - (0 - (-1 - -56)).
84
What is -9 - (-21 + 12) - ((5 + 8 - 9) + 28)?
-32
Evaluate -180 - -31 - -143 - (-4 + 1).
-3
Calculate 23 + (-51 - -2 - -70).
44
Evaluate (-83 - (-97 + 26)) + -64.
-76
What is the value of 3 + -19 + -40 + 18 + -67?
-105
Evaluate -70 - (5 + -98 - -33) - (0 + -25 + 0).
15
What is 48 - (-48 - -105) - (2 + (0 - 3))?
-8
Calculate 16 + (20 - 25) + (-26 - -7) + -1.
-9
What is the 